

{"id":60,"date":"2024-01-17T12:29:57","date_gmt":"2024-01-17T12:29:57","guid":{"rendered":"https:\/\/nordic-oil.fr\/?post_type=product&#038;p=60"},"modified":"2024-01-19T14:26:03","modified_gmt":"2024-01-19T14:26:03","slug":"5-oil","status":"publish","type":"product","link":"https:\/\/nordic-oil.fr\/?product=5-oil","title":{"rendered":"Huile Naturelle 5% Plus"},"content":{"rendered":"<div class=\"flex-1 overflow-hidden\">\n<div class=\"react-scroll-to-bottom--css-trjrc-79elbk h-full\">\n<div class=\"react-scroll-to-bottom--css-trjrc-1n7m0yu\">\n<div class=\"flex flex-col pb-9 text-sm\">\n<div class=\"w-full text-token-text-primary\" data-testid=\"conversation-turn-9\">\n<div class=\"px-4 py-2 justify-center text-base md:gap-6 m-auto\">\n<div class=\"flex flex-1 text-base mx-auto gap-3 md:px-5 lg:px-1 xl:px-5 md:max-w-3xl lg:max-w-[40rem] xl:max-w-[48rem] group final-completion\">\n<div class=\"relative flex w-full flex-col lg:w-[calc(100%-115px)] agent-turn\">\n<div class=\"flex-col gap-1 md:gap-3\">\n<div class=\"flex flex-grow flex-col max-w-full\">\n<div class=\"min-h-[20px] text-message flex flex-col items-start gap-3 whitespace-pre-wrap break-words [.text-message+&amp;]:mt-5 overflow-x-auto\" data-message-author-role=\"assistant\" data-message-id=\"3a1d5cd3-1ec9-411c-8f83-e66b8aa0d623\">\n<div class=\"markdown prose w-full break-words dark:prose-invert dark\">\n<p>Plongez dans une exp\u00e9rience de bien-\u00eatre naturel avec notre Huile Naturelle 5% Plus, sp\u00e9cialement formul\u00e9e pour ceux qui cherchent \u00e0 soutenir leur syst\u00e8me endocannabino\u00efde par le biais du microdosage, sans mentionner les noms sp\u00e9cifiques de composants.<\/p>\n<p>Cette huile \u00e0 spectre complet va au-del\u00e0 en int\u00e9grant 20 mg d&#8217;extraits v\u00e9g\u00e9taux, cr\u00e9ant ainsi un effet d&#8217;entourage renforc\u00e9. Les composants naturels de la plante de chanvre agissent en synergie, d\u00e9bloquant un potentiel encore plus grand pour favoriser le bien-\u00eatre global.<\/p>\n<p>Notre formule est con\u00e7ue pour r\u00e9pondre aux besoins du bien-\u00eatre naturel, de l&#8217;harmonie corporelle et de la d\u00e9tente. Chaque goutte de notre Huile Naturelle 5% Plus offre une exp\u00e9rience enrichissante, soutenant votre corps de mani\u00e8re holistique.<\/p>\n<p>Convient parfaitement \u00e0 ceux qui cherchent une alternative naturelle sans sp\u00e9cifier les noms de composants tout en recherchant les bienfaits du chanvre. Choisissez la voie de l&#8217;\u00e9quilibre naturel avec notre Huile Naturelle 5% Plus, pour une exp\u00e9rience apaisante et revitalisante.<\/p>\n<\/div>\n<\/div>\n<\/div>\n<div class=\"mt-1 flex justify-start gap-3 empty:hidden\">\n<div class=\"text-gray-400 flex self-end lg:self-center justify-center lg:justify-start mt-0 -ml-1 visible\"><button class=\"flex items-center gap-1.5 rounded-md p-1 text-xs hover:text-gray-950 dark:text-gray-400 dark:hover:text-gray-200 disabled:dark:hover:text-gray-400 md:invisible md:group-hover:visible md:group-[.final-completion]:visible\"><\/button><\/p>\n<div class=\"flex\"><\/div>\n<div class=\"flex items-center gap-1.5 text-xs\"><\/div>\n<\/div>\n<\/div>\n<\/div>\n<\/div>\n<\/div>\n<\/div>\n<\/div>\n<\/div>\n<\/div>\n<\/div>\n<\/div>\n<div class=\"w-full pt-2 md:pt-0 dark:border-white\/20 md:border-transparent md:dark:border-transparent md:w-[calc(100%-.5rem)]\">\n<form class=\"stretch mx-2 flex flex-row gap-3 last:mb-2 md:mx-4 md:last:mb-6 lg:mx-auto lg:max-w-2xl xl:max-w-3xl\">\n<div class=\"relative flex h-full flex-1 items-stretch md:flex-col\">\n<div class=\"flex w-full items-center\"><\/div>\n<\/div>\n<\/form>\n<\/div>\n","protected":false},"excerpt":{"rendered":"<p>D\u00e9couvrez notre Huile Naturelle 5% Plus, enrichie de 20 mg d&#8217;extraits v\u00e9g\u00e9taux pour un effet d&#8217;entourage renforc\u00e9. Id\u00e9ale pour le microdosage, cette huile \u00e0 spectre complet soutient naturellement le syst\u00e8me endocannabino\u00efde de votre corps. Favorise le bien-\u00eatre, l&#8217;harmonie corporelle et la d\u00e9tente.<\/p>\n","protected":false},"featured_media":61,"comment_status":"open","ping_status":"closed","template":"","meta":[],"product_cat":[15],"product_tag":[],"class_list":{"0":"post-60","1":"product","2":"type-product","3":"status-publish","4":"has-post-thumbnail","6":"product_cat-uncategorized","8":"first","9":"instock","10":"sale","11":"shipping-taxable","12":"purchasable","13":"product-type-simple"},"_links":{"self":[{"href":"https:\/\/nordic-oil.fr\/index.php?rest_route=\/wp\/v2\/product\/60","targetHints":{"allow":["GET"]}}],"collection":[{"href":"https:\/\/nordic-oil.fr\/index.php?rest_route=\/wp\/v2\/product"}],"about":[{"href":"https:\/\/nordic-oil.fr\/index.php?rest_route=\/wp\/v2\/types\/product"}],"replies":[{"embeddable":true,"href":"https:\/\/nordic-oil.fr\/index.php?rest_route=%2Fwp%2Fv2%2Fcomments&post=60"}],"wp:featuredmedia":[{"embeddable":true,"href":"https:\/\/nordic-oil.fr\/index.php?rest_route=\/wp\/v2\/media\/61"}],"wp:attachment":[{"href":"https:\/\/nordic-oil.fr\/index.php?rest_route=%2Fwp%2Fv2%2Fmedia&parent=60"}],"wp:term":[{"taxonomy":"product_cat","embeddable":true,"href":"https:\/\/nordic-oil.fr\/index.php?rest_route=%2Fwp%2Fv2%2Fproduct_cat&post=60"},{"taxonomy":"product_tag","embeddable":true,"href":"https:\/\/nordic-oil.fr\/index.php?rest_route=%2Fwp%2Fv2%2Fproduct_tag&post=60"}],"curies":[{"name":"wp","href":"https:\/\/api.w.org\/{rel}","templated":true}]}}